me factors of 0 + (-1 + -1)*q?
2, 3, 5
Let g be 2 + (-5)/(5/(-86)). Let z be (-7 - -4)/(3/(-8)). Suppose -4*i - g = -z*i. What are the prime factors of i?
2, 11
Let j = -38 + 36. Let q be 0/j + (4 - -200). Suppose -2*h + q = h. What are the prime factors of h?
2, 17
Let r(i) = -15*i + 100. List the prime factors of r(-18).
2, 5, 37
Suppose 0 = 3*j + 4*i - 50, 20*j - 16*j = i + 73. List the prime factors of j.
2, 3
Suppose -w + s + 18 - 3 = 0, 4*w + 5*s - 24 = 0. Suppose k = w*k - 520. What are the prime factors of k?
2, 13
Let h be 96/(-42) - (-4)/14 - -141. Suppose -2*n = -n - h. List the prime factors of n.
139
Let i = 7 - 2. Suppose i*a - 42 = 4*a. Suppose a = -4*l + 138. List the prime factors of l.
2, 3
Let p(y) be the first derivative of y**3 - 3*y**2 - 5*y + 1. Let z be 15 - (-1)/((-12)/120). List the prime factors of p(z).
2, 5
List the prime factors of ((-122087)/815)/(((-2)/5)/2).
7, 107
Let w(f) be the first derivative of f**2/2 + 27*f + 20. List the prime factors of w(8).
5, 7
Suppose 2*r + 24 = 38. List the prime factors of ((-218)/4)/(105/(-14) + r).
109
Suppose 3*s - 12 + 0 = 0. Suppose -4*a = -2*a. Suppose a*k + h = 4*k - 87, s*h + 18 = k. What are the prime factors of k?
2, 11
Suppose -4*a + 33*j + 9566 = 28*j, 0 = 2*a + 5*j - 4798. List the prime factors of a.
2, 3, 7, 19
Suppose 2*a + 538 = 5*o, -2*a + 377 + 57 = 4*o. List the prime factors of o.
2, 3
Let i(d) be the third derivative of d**5/60 - d**4/8 + 11*d**3/6 + 36*d**2. List the prime factors of i(-17).
3, 13
Let j(x) be the first derivative of 57*x**2/2 - 3*x - 3. List the prime factors of j(1).
2, 3
Let c be 3 - (8/4 + -3). Suppose 3*j = 3*n + 270, -426 = -c*j - j - 3*n. List the prime factors of j.
3, 29
Let d be (2 - 1) + 14 + -3. Let t(y) = y**2 - 29 + 44 - 3*y + 16*y - 2*y**2. What are the prime factors of t(d)?
3
What are the prime factors of (594/4)/1 + 282/(-188)?
3, 7
Let p(n) = 15*n + 19. Let q(y) = -75*y - 96. Let h(a) = 22*p(a) + 4*q(a). List the prime factors of h(6).
2, 107
Suppose -4*d = 0, 4*d - 5*d - 2 = 2*r. Let b(g) = -2*g**3 - 31*g**2 + 15*g - 13. Let k be b(-16). List the prime factors of k/(r/(-13) - 0).
3, 13
Let w be 0 - (-7 + 3) - -2. List the prime factors of -3*(-67)/(w/((-8)/(-4))).
67
Suppose -2*i + 2*k = -412, 3*i - 2*k - 619 = -0*k. List the prime factors of i.
3, 23
Suppose 5*c - 1934 = 14411. What are the prime factors of c?
7, 467
Let l(b) = 5*b + 4. Let v be l(-6). Let g = v - -30. List the prime factors of g.
2
Suppose -2*p + 2 = 2*l - 4, 0 = 3*l + p - 7. Suppose m = -2*m + 216. Suppose -5*o + y = -m, -y + 33 = l*o - 0*y. List the prime factors of o.
3, 5
Suppose 9*a + 831 = 12981. What are the prime factors of a?
2, 3, 5
Let o be (-6)/2*(20/(-15))/1. Let b = 3 + -1. Suppose 12 + 26 = o*q + b*m, m + 26 = 3*q. What are the prime factors of q?
3
Suppose 26116 = -19*a + 67137. What are the prime factors of a?
17, 127
Let o(m) = m**3 - 4*m**2 + 6*m + 5. Let u be o(5). Suppose 0 = 13*k - 15*k + u. What are the prime factors of k?
2, 3, 5
Let j = 138 + -102. Let k = j - -44. What are the prime factors of k?
2, 5
Let h = 2 + -3. Let f(i) = -i**3 - 21*i**2 + 46*i + 1. Let x be f(-23). List the prime factors of 13/(h*(x - 2)).
13
Let k(q) = -3 - 10*q + 3. Let z be k(-3). Suppose g + 2*g = z. List the prime factors of g.
2, 5
What are the prime factors of ((-263)/(-4))/(105/420)?
263
Let h(y) = 2*y**3 - y**2 + 7*y - 8. List the prime factors of h(13).
2, 3, 359
What are the prime factors of ((-112)/(-12))/14*1203?
2, 401
Suppose 0 = -4*s + 317 + 63. Suppose 387 = s*o - 92*o. What are the prime factors of o?
3, 43
Let o = 370 + -202. Let v = 325 - o. What are the prime factors of v?
157
Suppose 12*t - 3*g = 14*t - 1976, -4*g + 3952 = 4*t. List the prime factors of t.
2, 13, 19
Let x = 7 + 2. List the prime factors of (x/(-5))/((-9)/570).
2, 3, 19
Suppose -34 + 2 = 4*d. Let l = 34 + d. What are the prime factors of l?
2, 13
Let q(d) = -14*d + 13. Let g be q(-8). Let m = g - 64. What are the prime factors of m?
61
Suppose 4*a + 28*w - 23*w - 12 = 0, 5*a - 4*w = 15. Let o be (-1 - -5) + 4/(-2). What are the prime factors of 1*(o - a)*-43?
43
Let k = 227 - 221. List the prime factors of k.
2, 3
Suppose a - 15 = 21. Let i = 43 - a. What are the prime factors of i?
7
Suppose 0*p - 5*p = 3*y + 75, 2*p = -3*y - 39. Suppose -4 = 38*i - 36*i. Let l = i - p. What are the prime factors of l?
2, 5
What are the prime factors of (1 - 5) + 278/(2 - 0)?
3, 5
Suppose -3*v = -5*r + r + 47, 0 = -v - r - 4. Let q = -5 - v. Let x(h) = 3*h**2 + h + 3. List the prime factors of x(q).
5, 11
Suppose 317 = 5*n - 1398. Suppose 0 = 4*f - 2*b - 266, -6*f - b = -f - n. What are the prime factors of f?
2, 17
Suppose -6*l - 234 = -0*l. Let g = l + 33. What are the prime factors of (-3 + 0)*1 - g?
3
Let h(p) = -p + 14. Let v be h(20). Let y(k) = -k**3 - 5*k**2 - 3*k - 15. What are the prime factors of y(v)?
3, 13
Suppose -26*p = -106666 - 35606. List the prime factors of p.
2, 3, 19
Suppose -649 = 3*u - 2026. List the prime factors of u.
3, 17
Suppose 4354 = 5*h + 3*k, 6*h + k = 11*h - 4342. List the prime factors of h.
11, 79
Let z(q) = -q**3 + 4*q**2 - 2*q - 1. Let m = 4 - -3. Let y be (-84)/m*2/(-8). List the prime factors of z(y).
2
Suppose -9*c + 2689 = 187. Let p = 553 - c. List the prime factors of p.
5, 11
Suppose 2*u - 268 = 282. Suppose 0 = -6*q + 1391 - u. What are the prime factors of q?
2, 3, 31
Let u(s) = -2*s - 7. Let o be u(-5). Suppose -4*r - 6*d + 2*d = -96, 40 = 2*r + 4*d. Suppose v + r = o*v. What are the prime factors of v?
2, 7
Suppose -2*q + 0*d = 2*d - 218, -4*q - d = -433. Let n = 369 - q. List the prime factors of n.
3, 29
Suppose 143 + 4380 = 4*b - 5*k, 2*b + 2*k = 2284. What are the prime factors of b?
3, 379
Suppose -4*t - 2*w - 10 = 456, -451 = 4*t - 3*w. Let r = t - -261. List the prime factors of r.
2, 73
Let x = -43 - -45. Suppose 7*y = x*y + 445. What are the prime factors of y?
89
Suppose 4*j = 3*j + 3, -2*i + 15 = 3*j. Let n(v) = 6*v + 15*v**2 - i*v**2 + 2 - 7*v. What are the prime factors of n(2)?
2, 3
Suppose -4*m - 82 = 34. Let j(o) = -o**2 + 22*o - 28. Let d be j(18). Let l = d + m. List the prime factors of l.
3, 5
Suppose -5*g - 13 = 2*x + 8, 0 = 3*x + 5*g + 24. Let j = x - -5. Suppose -5*q + 2 = j*w - 0*w, -12 = -w + 3*q. What are the prime factors of w?
2, 3
Suppose 4*a + 1612 = j, 10*j + 6484 = 14*j + 2*a. What are the prime factors of j?
2, 3, 5
Let w(f) = f - 2. Let o be w(6). Suppose o*p + p - 10 = 0. Suppose -159 = -i - p*i. List the prime factors of i.
53
Suppose 0 = -4*i + 10*i - 12. What are the prime factors of (-422)/(-3) - i/3?
2, 5, 7
Let f = 249 + -60. Let m be f - (2 + -3)/1. Suppose 5*k = -2*c - c + m, 4*c = -3*k + 103. What are the prime factors of k?
41
Let y = -233 - -981. List the prime factors of y.
2, 11, 17
Let p be (-36)/24*(-2 + 0). Suppose -4*x + f = -9, 6*x - 4*x + p*f - 15 = 0. Suppose x*g - 128 = -g - 4*v, -3*g + 3*v + 96 = 0. What are the prime factors of g?
2
Let m(i) = -1. Let f(r) = -3*r - 5. Let y = 14 + -17. Let a(t) = y*m(t) - f(t). List the prime factors of a(6).
2, 13
Let q = 1570 - -2024. What are the prime factors of q?
2, 3, 599
Let x be 1 + 2 + 2 + -2. Suppose -a + x*a = 2. List the prime factors of 4 - 1 - (-21)/a.
2, 3
Let t be -40 - (-1 + 1)/(-1). Let c be 18*5/(t/(-12)). Suppose -n + c + 19 = 2*b, -5*n + 2*b = -230. What are the prime factors of n?
2, 23
Let g(t) = 4*t**2 - 13*t - 5. Let b(u) = -2*u**3 + 3*u**2 - u + 2. Let w be b(2). List the prime factors of g(w).
3, 37
List the prime factors of 686 + -1 - 1/1.
2, 3, 19
Let m(a) = a**2 - 19*a + 19. List the prime factors of m(27).
5, 47
Let v = -273 + 843. What are the prime factors of v?
2, 3, 5, 19
Let p(c) = c**3 - 14*c**2 - 7*c + 20. What are the prime factors of p(15)?
2, 5, 7
Suppose 9*v - 171 + 18 = 0. Let r be (610/(-4))/(4/(-8)). Suppose r = v*b - 12*b. List the prime factors of b.
61
List the prime factors of ((-1378)/(-12)*4)/(216/324).
13, 53
Suppose 17*a = 7*a + 2430. Suppose -2*f - 3*x = f - a, 2*f - 4*x = 180. List the prime factors of f.
2, 3, 7
Suppose -3*g + 0*g - 21 = 0. Let x be -2 + (2 - (1 - g)). List the prime factors of 254/8 - 2/x.
2
Let m(h) = 45*h**2 - 67*h + 361. What are the prime factors of m(5)?
1151
L